34
What is the greatest common factor of 63693555 and 100605?
5295
Calculate the highest common divisor of 1424 and 1127363.
89
What is the highest common divisor of 28007023 and 11?
11
Calculate the greatest common factor of 11392200 and 720.
360
Calculate the greatest common factor of 18841060 and 119770.
4130
Calculate the highest common divisor of 144 and 5987691.
9
Calculate the highest common factor of 4 and 5930396.
4
What is the highest common divisor of 157927239 and 324?
81
Calculate the highest common divisor of 2479 and 646279.
37
What is the greatest common divisor of 784103845 and 35?
35
Calculate the highest common divisor of 64598339 and 18005.
3601
What is the highest common divisor of 2600788 and 7984?
1996
What is the greatest common divisor of 22 and 9925003?
11
What is the greatest common factor of 74797528 and 312?
104
What is the greatest common factor of 31773984 and 6336?
1056
What is the highest common divisor of 2356 and 3697556?
124
Calculate the highest common divisor of 14231 and 41322758.
2033
Calculate the greatest common divisor of 3183603 and 438.
219
Calculate the highest common factor of 10901 and 1375.
11
What is the greatest common factor of 40806 and 10314?
18
What is the greatest common factor of 1204 and 417348841?
301
What is the highest common factor of 10285044 and 60?
12
What is the highest common factor of 31823677 and 34?
17
Calculate the highest common divisor of 7516218 and 6666.
606
Calculate the greatest common factor of 3828532 and 1068.
4
Calculate the highest common factor of 40204 and 8.
4
What is the greatest common divisor of 668746 and 12740?
26
What is the highest common factor of 198 and 159395346?
198
What is the highest common divisor of 465702 and 6?
6
Calculate the greatest common factor of 36 and 11874804.
12
What is the highest common factor of 19317420 and 1560?
60
Calculate the highest common factor of 62190 and 52830.
90
Calculate the greatest common factor of 2684417 and 15597.
1733
Calculate the greatest common divisor of 446856950 and 6150.
2050
What is the greatest common divisor of 2927677 and 22007?
373
What is the greatest common factor of 374 and 13788?
2
What is the highest common factor of 389063825 and 50?
25
What is the highest common divisor of 38592 and 397728?
288
What is the highest common divisor of 5665672385 and 1655?
1655
Calculate the highest common factor of 467300 and 77300.
100
Calculate the greatest common divisor of 30211210 and 3621.
1207
Calculate the greatest common divisor of 6090 and 32848830.
210
What is the highest common divisor of 215872395 and 114?
57
What is the greatest common divisor of 1628 and 4118396?
148
What is the greatest common factor of 94 and 17070353?
47
What is the highest common factor of 4396 and 8709575?
1099
Calculate the greatest common divisor of 533488784 and 178.
178
What is the highest common factor of 58088 and 47912?
424
What is the highest common divisor of 13368 and 76632?
24
What is the greatest common divisor of 13494 and 127155?
519
What is the greatest common factor of 1495892 and 12478?
734
What is the highest common factor of 6 and 5093806?
2
Calculate the highest common factor of 141375332 and 4046.
4046
Calculate the highest common factor of 332 and 8885482.
166
What is the highest common divisor of 22974 and 31?
1
Calculate the highest common divisor of 122247 and 222241.
289
What is the greatest common divisor of 688470 and 1733630?
530
What is the highest common factor of 7733 and 1000369?
703
Calculate the highest common divisor of 39675425 and 9700.
2425
What is the highest common divisor of 61062 and 48?
6
What is the greatest common divisor of 41902170 and 1282?
1282
What is the greatest common divisor of 20361 and 180246?
33
What is the greatest common divisor of 118162 and 616?
22
What is the highest common divisor of 48565 and 3810145?
4415
Calculate the highest common divisor of 363496793 and 341.
341
What is the greatest common divisor of 447860 and 55754?
914
Calculate the highest common divisor of 1257144 and 325164.
588
Calculate the greatest common factor of 30 and 47418285.
15
Calculate the highest common factor of 4431 and 21076368.
633
Calculate the greatest common factor of 26994206 and 548.
274
Calculate the highest common divisor of 7515 and 1094112.
9
Calculate the highest common divisor of 13915 and 4145405.
1265
Calculate the greatest common divisor of 12596 and 2335687.
67
Calculate the highest common factor of 2107471 and 15481.
137
What is the highest common factor of 2936 and 27805021?
367
Calculate the greatest common factor of 54567966 and 58.
58
Calculate the greatest common factor of 9504 and 2278240.
32
Calculate the highest common divisor of 43911 and 222768.
1071
What is the greatest common divisor of 903 and 2775306?
129
What is the highest common divisor of 65260314 and 2142?
2142
Calculate the greatest common divisor of 65284086 and 966.
42
Calculate the highest common factor of 6072374 and 8122.
262
What is the greatest common divisor of 9234432 and 5760?
1152
Calculate the greatest common divisor of 816 and 5051584.
272
Calculate the greatest common divisor of 3304 and 193520.
472
What is the greatest common factor of 304761640 and 3010?
430
Calculate the greatest common factor of 38 and 176182706.
38
What is the greatest common divisor of 93027 and 37160058?
8457
Calculate the highest common divisor of 1904 and 9018772.
476
Calculate the greatest common divisor of 4790304 and 9216.
288
Calculate the highest common divisor of 16142 and 44842.
14
What is the greatest common divisor of 464 and 4684370?
58
What is the highest common divisor of 29436374 and 511?
73
What is the highest common factor of 447 and 12003589?
149
What is the greatest common factor of 107715 and 18735?
15
Calculate the highest common factor of 18 and 34004889.
9
Calculate the highest common divisor of 655936 and 192.
64
Calculate the greatest common factor of 74896 and 61349.
31
Calculate the greatest common factor of 1950624 and 54288.
1872
Calculate the highest common factor of 101709 and 34101.
27
Calculate the highest common divisor of 7184 and 1335929456.
7184
Calculate the highest common factor of 3812 and 135815842.
1906
Calculate the greatest common factor of 730 and 823653160.
730
What is the greatest common divisor of 62183 and 21604?
11
What is the greatest common factor of 390618 and 1278?
18
What is the highest common factor of 658254 and 3117859?
3539
Calculate the highest common divisor of 4901050 and 28.
14
What is the greatest common divisor of 72200 and 10005115?
1805
Calculate the highest common divisor of 133299 and 1593.
27
What is the greatest common divisor of 1550 and 326?
2
Calculate the greatest common factor of 5316732 and 969.
57
What is the highest common divisor of 113226 and 102705?
501
Calculate the greatest common divisor of 1019550 and 8400.
1050
Calculate the highest common divisor of 1697948200 and 130.
130
Calculate the greatest common factor of 213760 and 258560.
1280
What is the greatest common divisor of 21347631 and 7803?
459
What is the highest common divisor of 311066 and 47243?
119
What is the highest common divisor of 380 and 1454165?
95
Calculate the greatest common divisor of 148474 and 20374.
122
What is the highest common divisor of 234948 and 18816?
84
What is the highest common divisor of 2992 and 520056724?
748
What is the highest common factor of 632 and 34894063?
79
What is the greatest common factor of 30530 and 500090?
430
What is the highest common factor of 4080 and 264240?
240
Calculate the greatest common divisor of 683 and 638896641.
683
Calculate the highest common divisor of 936 and 334893.
39
What is the greatest common factor of 1443536 and 1743664?
1328
What is the highest common divisor of 1078513 and 46247?
103
Calculate the highest common divisor of 239521926 and 210.
42
Calculate the greatest common divisor of 2954324 and 28.
4
Calculate the highest common factor of 3511998 and 5418.
126
What is the highest common factor of 6916 and 97181?
7
Calculate the highest common divisor of 1035964 and 198.
2
What is the highest common factor of 1776456 and 177197?
2243
What is the greatest common factor of 5896 and 200991692?
29